{"id":114,"date":"2019-03-05T20:26:42","date_gmt":"2019-03-05T20:26:42","guid":{"rendered":"https:\/\/gtel.ch\/?page_id=114"},"modified":"2019-11-19T13:29:39","modified_gmt":"2019-11-19T13:29:39","slug":"videos","status":"publish","type":"page","link":"https:\/\/gtel.ch\/index.php\/videos\/","title":{"rendered":"VIDEOS"},"content":{"rendered":"<p>[et_pb_section fb_built=\u00a0\u00bb1&Prime; _builder_version=\u00a0\u00bb3.19.18&Prime; background_color=\u00a0\u00bb#000000&Prime;][et_pb_row _builder_version=\u00a0\u00bb3.19.18&Prime;][et_pb_column type=\u00a0\u00bb4_4&Prime; _builder_version=\u00a0\u00bb3.19.18&Prime;][et_pb_text _builder_version=\u00a0\u00bb3.19.18&Prime;]<\/p>\n<h2><span style=\"font-family: inherit; font-weight: normal; color: #999999;\">Prohibido suicidarse en primavera 2016 Alejando Casona\u00a0<\/span><\/h2>\n<p>[\/et_pb_text][et_pb_video src=\u00a0\u00bbhttps:\/\/www.youtube.com\/watch?v=p9HukjlutIM&#038;t=917s\u00a0\u00bb _builder_version=\u00a0\u00bb3.19.18&Prime;][\/et_pb_video][\/et_pb_column][\/et_pb_row][et_pb_row _builder_version=\u00a0\u00bb3.19.18&Prime;][et_pb_column type=\u00a0\u00bb4_4&Prime; _builder_version=\u00a0\u00bb3.19.18&Prime;][et_pb_text _builder_version=\u00a0\u00bb3.19.18&Prime;]<\/p>\n<h2><span style=\"color: #777777;\">La otra orilla 2015. \u00a0<span lang=\"ES\">Jos\u00e9 L\u00f3pez Rubio<\/span><\/span><\/h2>\n<p>[\/et_pb_text][et_pb_divider admin_label=\u00a0\u00bbS\u00e9parateur\u00a0\u00bb _builder_version=\u00a0\u00bb3.19.18&Prime;][\/et_pb_divider][et_pb_video src=\u00a0\u00bbhttps:\/\/www.youtube.com\/watch?v=NcXPTDVgFBU&#038;t=1825s\u00a0\u00bb _builder_version=\u00a0\u00bb3.19.18&Prime;][\/et_pb_video][\/et_pb_column][\/et_pb_row][et_pb_row _builder_version=\u00a0\u00bb3.19.18&Prime;][et_pb_column type=\u00a0\u00bb4_4&Prime; _builder_version=\u00a0\u00bb3.19.18&Prime;][et_pb_divider _builder_version=\u00a0\u00bb3.19.18&Prime;][\/et_pb_divider][et_pb_text _builder_version=\u00a0\u00bb3.19.18&Prime;]<\/p>\n<h2><span style=\"color: #999999;\">Usted no sabe con quien est\u00e1 hablando 2014.\u00a0<span lang=\"ES\">Juan Jos\u00e9 Alonso Mill\u00e1n<\/span><\/span><\/h2>\n<p>[\/et_pb_text][et_pb_video src=\u00a0\u00bbhttps:\/\/www.youtube.com\/watch?v=rnBn_Ds7Dng\u00a0\u00bb _builder_version=\u00a0\u00bb3.19.18&Prime;][\/et_pb_video][\/et_pb_column][\/et_pb_row][\/et_pb_section]<\/p>\n","protected":false},"excerpt":{"rendered":"<p>Prohibido suicidarse en primavera 2016 Alejando Casona\u00a0 La otra orilla 2015. \u00a0Jos\u00e9 L\u00f3pez Rubio Usted no sabe con quien est\u00e1 hablando 2014.\u00a0Juan Jos\u00e9 Alonso Mill\u00e1n<\/p>\n","protected":false},"author":2,"featured_media":0,"parent":0,"menu_order":0,"comment_status":"closed","ping_status":"closed","template":"","meta":{"_et_pb_use_builder":"on","_et_pb_old_content":"","_et_gb_content_width":""},"_links":{"self":[{"href":"https:\/\/gtel.ch\/index.php\/wp-json\/wp\/v2\/pages\/114"}],"collection":[{"href":"https:\/\/gtel.ch\/index.php\/wp-json\/wp\/v2\/pages"}],"about":[{"href":"https:\/\/gtel.ch\/index.php\/wp-json\/wp\/v2\/types\/page"}],"author":[{"embeddable":true,"href":"https:\/\/gtel.ch\/index.php\/wp-json\/wp\/v2\/users\/2"}],"replies":[{"embeddable":true,"href":"https:\/\/gtel.ch\/index.php\/wp-json\/wp\/v2\/comments?post=114"}],"version-history":[{"count":7,"href":"https:\/\/gtel.ch\/index.php\/wp-json\/wp\/v2\/pages\/114\/revisions"}],"predecessor-version":[{"id":170,"href":"https:\/\/gtel.ch\/index.php\/wp-json\/wp\/v2\/pages\/114\/revisions\/170"}],"wp:attachment":[{"href":"https:\/\/gtel.ch\/index.php\/wp-json\/wp\/v2\/media?parent=114"}],"curies":[{"name":"wp","href":"https:\/\/api.w.org\/{rel}","templated":true}]}}